{"id":19166,"date":"2020-01-28T10:29:12","date_gmt":"2020-01-28T15:29:12","guid":{"rendered":"https:\/\/lebaroudeur.ca\/wp-content\/uploads\/2020\/01\/fjord-anse-saint-etienne-plage.jpg"},"modified":"2020-01-28T10:29:12","modified_gmt":"2020-01-28T15:29:12","slug":"fjord-anse-saint-etienne-plage","status":"inherit","type":"attachment","link":"https:\/\/lebaroudeur.ca\/en_us\/saguenay-fjord-north-shore-or-south-shore\/fjord-anse-saint-etienne-plage\/","title":{"rendered":"Plage de l&#8217;Anse-Saint-\u00c9tienne"},"author":3,"featured_media":0,"comment_status":"closed","ping_status":"closed","template":"","meta":{"_et_pb_use_builder":"","_et_pb_old_content":"","_et_gb_content_width":"","content-type":""},"class_list":["post-19166","attachment","type-attachment","status-inherit","hentry"],"smush":"Not processed","description":{"rendered":"<p class=\"attachment\"><a href='https:\/\/lebaroudeur.ca\/wp-content\/uploads\/2020\/01\/fjord-anse-saint-etienne-plage.jpg'><img decoding=\"async\" width=\"300\" height=\"179\" data-src=\"https:\/\/lebaroudeur.ca\/wp-content\/uploads\/2020\/01\/fjord-anse-saint-etienne-plage-300x179.jpg\" class=\"attachment-medium size-medium lazyload\" alt=\"\" title=\"\" src=\"data:image\/svg+xml;base64,PHN2ZyB3aWR0aD0iMSIgaGVpZ2h0PSIxIiB4bWxucz0iaHR0cDovL3d3dy53My5vcmcvMjAwMC9zdmciPjwvc3ZnPg==\" style=\"--smush-placeholder-width: 300px; --smush-placeholder-aspect-ratio: 300\/179;\"><\/a><\/p>\n<p>Tu te demandes par ou commencer ton road-trip au Qu\u00e9bec? Tout le d\u00e9tail se trouve dans cet article! <\/p>\n"},"caption":{"rendered":"<p>D\u00e9tente et contemplation \u00e0 l&#8217;Anse-St-\u00c9tienne<br \/>\n\u00a9 Cr\u00e9dit photo : St\u00e9phane Morvan <\/p>\n"},"alt_text":"","media_type":"image","mime_type":"image\/jpeg","media_details":{"width":770,"height":460,"file":"2020\/01\/fjord-anse-saint-etienne-plage.jpg","sizes":{"medium":{"file":"fjord-anse-saint-etienne-plage-300x179.jpg","width":300,"height":179,"mime_type":"image\/jpeg","source_url":"https:\/\/lebaroudeur.ca\/wp-content\/uploads\/2020\/01\/fjord-anse-saint-etienne-plage-300x179.jpg"},"thumbnail":{"file":"fjord-anse-saint-etienne-plage-150x150.jpg","width":150,"height":150,"mime_type":"image\/jpeg","source_url":"https:\/\/lebaroudeur.ca\/wp-content\/uploads\/2020\/01\/fjord-anse-saint-etienne-plage-150x150.jpg"},"medium_large":{"file":"fjord-anse-saint-etienne-plage-768x459.jpg","width":768,"height":459,"mime_type":"image\/jpeg","source_url":"https:\/\/lebaroudeur.ca\/wp-content\/uploads\/2020\/01\/fjord-anse-saint-etienne-plage-768x459.jpg"},"et-pb-post-main-image":{"file":"fjord-anse-saint-etienne-plage-400x250.jpg","width":400,"height":250,"mime_type":"image\/jpeg","source_url":"https:\/\/lebaroudeur.ca\/wp-content\/uploads\/2020\/01\/fjord-anse-saint-etienne-plage-400x250.jpg"},"et-pb-portfolio-image":{"file":"fjord-anse-saint-etienne-plage-400x284.jpg","width":400,"height":284,"mime_type":"image\/jpeg","source_url":"https:\/\/lebaroudeur.ca\/wp-content\/uploads\/2020\/01\/fjord-anse-saint-etienne-plage-400x284.jpg"},"et-pb-portfolio-module-image":{"file":"fjord-anse-saint-etienne-plage-510x382.jpg","width":510,"height":382,"mime_type":"image\/jpeg","source_url":"https:\/\/lebaroudeur.ca\/wp-content\/uploads\/2020\/01\/fjord-anse-saint-etienne-plage-510x382.jpg"},"et-pb-gallery-module-image-portrait":{"file":"fjord-anse-saint-etienne-plage-400x460.jpg","width":400,"height":460,"mime_type":"image\/jpeg","source_url":"https:\/\/lebaroudeur.ca\/wp-content\/uploads\/2020\/01\/fjord-anse-saint-etienne-plage-400x460.jpg"},"et-pb-image--responsive--phone":{"file":"fjord-anse-saint-etienne-plage-480x287.jpg","width":480,"height":287,"mime_type":"image\/jpeg","source_url":"https:\/\/lebaroudeur.ca\/wp-content\/uploads\/2020\/01\/fjord-anse-saint-etienne-plage-480x287.jpg"},"full":{"file":"fjord-anse-saint-etienne-plage.jpg","width":770,"height":460,"mime_type":"image\/jpeg","source_url":"https:\/\/lebaroudeur.ca\/wp-content\/uploads\/2020\/01\/fjord-anse-saint-etienne-plage.jpg"}},"image_meta":{"aperture":"0","credit":"","camera":"","caption":"","created_timestamp":"0","copyright":"","focal_length":"0","iso":"0","shutter_speed":"0","title":"","orientation":"0","keywords":[]}},"post":18393,"source_url":"https:\/\/lebaroudeur.ca\/wp-content\/uploads\/2020\/01\/fjord-anse-saint-etienne-plage.jpg","_links":{"self":[{"href":"https:\/\/lebaroudeur.ca\/en_us\/wp-json\/wp\/v2\/media\/19166","targetHints":{"allow":["GET"]}}],"collection":[{"href":"https:\/\/lebaroudeur.ca\/en_us\/wp-json\/wp\/v2\/media"}],"about":[{"href":"https:\/\/lebaroudeur.ca\/en_us\/wp-json\/wp\/v2\/types\/attachment"}],"author":[{"embeddable":true,"href":"https:\/\/lebaroudeur.ca\/en_us\/wp-json\/wp\/v2\/users\/3"}],"replies":[{"embeddable":true,"href":"https:\/\/lebaroudeur.ca\/en_us\/wp-json\/wp\/v2\/comments?post=19166"}],"wp:attached-to":[{"embeddable":true,"post_type":"post","id":18393,"href":"https:\/\/lebaroudeur.ca\/en_us\/wp-json\/wp\/v2\/posts\/18393"}],"curies":[{"name":"wp","href":"https:\/\/api.w.org\/{rel}","templated":true}]}}

Plage de l&#8217;Anse-Saint-Étienne

<p class="attachment"><a href='https://lebaroudeur.ca/wp-content/uploads/2020/01/fjord-anse-saint-etienne-plage.jpg'><img decoding="async" width="300" height="179" data-src="https://lebaroudeur.ca/wp-content/uploads/2020/01/fjord-anse-saint-etienne-plage-300x179.jpg" class="attachment-medium size-medium lazyload" alt="" title="" src="data:image/svg+xml;base64,PHN2ZyB3aWR0aD0iMSIgaGVpZ2h0PSIxIiB4bWxucz0iaHR0cDovL3d3dy53My5vcmcvMjAwMC9zdmciPjwvc3ZnPg==" style="--smush-placeholder-width: 300px; --smush-placeholder-aspect-ratio: 300/179;"></a></p>
<p>Tu te demandes par ou commencer ton road-trip au Québec? Tout le détail se trouve dans cet article! </p>

<p>Détente et contemplation à l&#8217;Anse-St-Étienne<br />
© Crédit photo : Stéphane Morvan </p>
